rime factors of b?
2, 5
Suppose 3*a + 78 = 3*d - d, -2*d = -6. Suppose 4*o - 20 = 0, -5*h - 4*o = -40 - 200. Let x = a + h. List the prime factors of x.
2, 5
Let w = 43169 + -22381. List the prime factors of w.
2, 5197
Let p(c) = c**3 - 10*c**2 - 28*c + 49. Let r be p(12). Let s(i) = -2 + 182*i**3 + 2*i + i**2 - 2*i. List the prime factors of s(r).
181
Suppose -3*d - 5 - 19 = 0. Let p be (-1 - 4/(-16)) + (-1182)/d. Suppose 2*w - 3*w = -p. List the prime factors of w.
3, 7
Let t(n) = -3*n + n - 19 + 17 - n. Suppose 11*l - 9 = 12*l. List the prime factors of t(l).
5
Let h = -201 + 194. What are the prime factors of h/(-5 + (-717)/(-144))?
2, 3, 7
Let j(s) = 45*s**3 - 44*s**2 + 20*s - 39. What are the prime factors of j(10)?
3, 7, 647
Let m = -1238 - -2253. List the prime factors of m/56 + -8 + (-1)/8.
2, 5
Let j = -28862 + 47449. List the prime factors of j.
18587
What are the prime factors of ((-83934)/4)/(104/(-208))?
3, 4663
Suppose -15*o + 10*o = 2*n - 14555, -3*o + 4*n = -8759. List the prime factors of o.
3, 971
Let n = 18 - 18. Let s = -10 - -68. Suppose n = w - s - 10. What are the prime factors of w?
2, 17
List the prime factors of (-808328)/(-120) + 13/(-195).
2, 421
Let w = 35016 + -11500. List the prime factors of w.
2, 5879
Suppose 3*y + 6981 = 3*c, 76*c = 78*c + 2*y - 4646. List the prime factors of c.
3, 5, 31
Suppose 0 = 3*k - 12, 4*b + 1 - 9 = 2*k. Suppose x + 2*l - 496 = 0, 2*l - b*l + 2520 = 5*x. What are the prime factors of x?
2, 11, 23
Let t = 12 + -16. Suppose j + 2*x = 4*x, -4*x = 2*j - 24. List the prime factors of (j + -4)/(t/(-42)).
3, 7
Let g = -46 - -49. Let k(n) = -21*n - g*n - 56 - 24*n - 9*n. List the prime factors of k(-5).
229
Suppose -521120 = -42*d + 76960 + 496314. List the prime factors of d.
71, 367
Let d(s) = -s**3 + 32*s**2 + 393*s + 218. List the prime factors of d(40).
2, 3, 523
Let c(i) = 159*i - 977. What are the prime factors of c(93)?
2, 5, 1381
Let z(g) = -g**2 - 10*g - 7. Let q be z(-9). Suppose 3*m - q*b - 13 = 0, m - 4*b + 19 = 4*m. Suppose k - m*p = 8, 8 = -0*k + k - p. List the prime factors of k.
2
Suppose 928638 = 178*k - 744206. What are the prime factors of k?
2, 37, 127
Let b = 49409 + -33060. What are the prime factors of b?
16349
Suppose 211*x - 6120090 = 21*x. List the prime factors of x.
3, 1193
Suppose -r + 2*j + 318 = 0, -15 = 3*j - 3. Suppose -570 = -11*i + r. Suppose -6*g + 190 = -i. What are the prime factors of g?
3, 5
Suppose 0 = 3*m - 0*z + 4*z - 716, 2*m - z = 492. Let r = 784 - m. List the prime factors of r.
2, 3, 5
Let m(f) = -26*f**2 - 29*f - 17. Let n(k) = 24*k**2 + 29*k + 16. Let y(h) = 2*m(h) + 3*n(h). What are the prime factors of y(7)?
3, 7, 19
Let m(g) be the third derivative of -g**6/120 + 3*g**5/20 + 7*g**4/24 - g**3/2 - 12*g**2. Let f be m(9). Let t = 194 - f. What are the prime factors of t?
2, 67
Let t(a) be the first derivative of -3*a**2/2 - 85*a + 26. Let q be t(-30). Suppose 0 = x + 5*p - 259, 1111 = -4*x + 8*x + q*p. What are the prime factors of x?
2, 71
Let x = 2655 - 1845. Suppose 24*u - x = 870. List the prime factors of u.
2, 5, 7
Let i be 11/4*-11 + (-22)/(-88). List the prime factors of 53/(-2)*(i + 8).
11, 53
Suppose -4*d = -5*m - 39816, 2399*d - 5*m = 2404*d - 49770. List the prime factors of d.
2, 3, 7, 79
Suppose 259*b + 252*b - 627960 = 471*b. What are the prime factors of b?
3, 5233
Suppose -2*h + z = -839, 5*z - 1202 = -2*h - 381. List the prime factors of h.
2, 11, 19
Let o be 5*(34/30 - 2/15). Suppose 3*c + 2*n - 1938 = -265, 25 = -o*n. Suppose -3*z - 15 + c = 0. List the prime factors of z.
2, 7, 13
Suppose 0 = 3*w + 174 - 165. What are the prime factors of (w/(-6))/(1/(-2)) - -324?
17, 19
Let m be -1*(-656)/40 - (-6)/10. Let c(t) = t**2 + 8*t + 16. List the prime factors of c(m).
3, 7
Suppose -25 + 7 = -6*f. Let u(v) = 11*v**2 + v + 7. Let b be u(f). Suppose 572 - b = 5*w + 4*p, 4*w - 365 = -5*p. What are the prime factors of w?
5, 19
List the prime factors of -40*(-57827)/44 + -6 + -1.
3, 7, 2503
Suppose -81*c + 673826 = -170113. List the prime factors of c.
3, 23, 151
Suppose 5*t - 42 = -17. Let b(y) = -y**3 - 6*y + 4*y**2 + 3*y**2 + y**2 + 3 - 4. What are the prime factors of b(t)?
2, 11
Let p(g) = -85*g + 59. Suppose -9*w = 12*w + 63. List the prime factors of p(w).
2, 157
Suppose -5*f - 87 = -4*f. Let t be 1/(-3) + (-1247)/f. Suppose -t*b = -17*b + 66. List the prime factors of b.
2, 11
Let a be (-30)/75 - 4/(-10). Suppose a = 2141*f - 2142*f + 1062. List the prime factors of f.
2, 3, 59
Let t be 4/(8/(-6)) - (486 - -5). Let c = 952 + t. List the prime factors of c.
2, 229
Let x = -18 - -22. Let t(n) = -2*n - 4. Let j be t(x). What are the prime factors of (-4)/j - 861/(-9)?
2, 3
Let y = -37389 - -88017. What are the prime factors of y?
2, 3, 4219
Suppose -3*j - 6 = -s + 6, -3*j - 6 = s. Let n be (12/5)/(-2*s/(-880)). Suppose -9*c + n = -5*c - 2*p, 10 = 5*p. What are the prime factors of c?
89
What are the prime factors of (-349)/((-1)/(-5)*7/(-35))?
5, 349
Let k = -167 + 162. List the prime factors of -1 + k + 64 + 6.
2
Let m(n) = -12 + 12*n**3 + 3*n**2 - 14*n**3 + 12*n**2. Let t = 5 - -2. What are the prime factors of m(t)?
37
Suppose 74*s + 212550 = 100*s. List the prime factors of s.
3, 5, 109
Let l = 376 - 374. What are the prime factors of 2*l/(-4)*13*-5?
5, 13
Suppose 44336 = i - 3*f, 0 = 3*i + 2*f - 122365 - 10599. List the prime factors of i.
2, 7, 1583
Suppose 2*h = 3*l - 4*h - 195252, -4*h - 325408 = -5*l. What are the prime factors of l?
2, 5, 1627
Suppose 3*i + 0*i + g = -23, -1 = i - 3*g. What are the prime factors of 8 + 502 + (-9 - i)?
2, 127
Suppose 2*l - 15 - 3 = 0. Let a(s) = 3*s**2 - 4 - l*s + 4 + 5. List the prime factors of a(7).
89
Let b be -5 + -9*(2 + -5). Suppose w = -2*l + 2583, -25*w + 2589 = 2*l - b*w. List the prime factors of l.
2, 3, 5, 43
Suppose 37*h = 44*h + 42. What are the prime factors of h/(-4) - 31731/(-42)?
757
Let b = -41 - -49. Suppose -p - 5*u = -219, -b*p + 4*u = -10*p + 426. What are the prime factors of p?
11, 19
Suppose 248 = -8*q + 4*q. Let r = 78 + q. Let u = 111 - r. List the prime factors of u.
5, 19
Let n = 104 + -102. Suppose 294 = 2*f - 4*g, 2*f + n*g = -f + 473. What are the prime factors of f?
5, 31
Suppose -f - 5*t + 26 = -2*t, -4 = -4*t. Let n = f + -105. Let h = n - -187. What are the prime factors of h?
3, 5, 7
Suppose -5*b - 16*r + 10782 = -19*r, -4*b = -r - 8620. What are the prime factors of b?
2, 3, 359
Let v = 14188 - 2744. List the prime factors of v.
2, 2861
Let f(v) = 804*v + 2213. What are the prime factors of f(26)?
23117
Let r(u) = -35*u - 59. Let w = 354 - 363. What are the prime factors of r(w)?
2
Let q = 6 + 2. Let u(s) = -s**2 - 19*s - 69. Let z be u(-14). What are the prime factors of (-128)/q*z/(2/(-5))?
2, 5
Let x = -1131 + 1730. Let c = -298 + x. What are the prime factors of c?
7, 43
Let v = 19204 - -26006. List the prime factors of v.
2, 3, 5, 11, 137
Let p(j) = -j**2 - 9*j - 4. Let z be p(-9). What are the prime factors of 5510/(-15)*(-9)/6 + z?
547
Suppose 0 = -4*i + 3226 - 3210. Suppose 4*z = w + 5732, i*w - 2170 = -4*z + 3542. List the prime factors of z.
2, 179
Let r(n) = 123*n**2 + 4*n + 97. What are the prime factors of r(-7)?
2, 3, 127
Let h(k) = -56*k - 29. Let z(n) = -n**3 - 29*n**2 - 3*n - 95. Let q be z(-29). List the prime factors of h(q).
419
Suppose -s + 7427 = 5*n, -5*s = -17*n + 16*n - 37187. List the prime factors of s.
3, 37, 67
Suppose -13*s = -8789 - 16937 - 23947. List the prime factors of s.
3821
List the prime factors of (12/(-10))/(852/(-14895090)).
3, 7, 37
Let x = 311 + -156. Suppose -6*g = -g - x. Let a = g - 10. What are the prime factors of a?
3, 7
Let h = 3417 - 100. List the prime factors of h.
31, 107
Let v(w) = 428 - 3*w**3 + 7*w**3 - 8*w - 216 - 217 - 7*w**2. What are the prime factors of v(6)?
13, 43
Let x be ((-90)/(-40))/((-3)/(-8)). Let q(t) = 39*t - 16. What are the prime factors of q(x)?
2, 109
Let t(h) = 26*h - 142. Let r(f) = 28*f - 141. Let o(j) = 2*r(j) - 3*t(j). List the prime factors of o(-12).
2, 3, 17
Suppose 193 = -8*t + 609. Let h = 54 - t. Suppose -5*i + 3*r = -145, -5*r = -i + h*i - 29. What are the prime factors of i?
29
Let m(s) = -509*s + 432. List the prime factors of m(-12).
2, 3, 5, 109
Let